 f?
3
Let u(b) = b**3 - 2*b**2 + 2*b + 510. List the prime factors of u(0).
2, 3, 5, 17
List the prime factors of 829 + -7 + -2 + -4.
2, 3, 17
Let l = 426 + -273. Let u = l + -109. List the prime factors of u.
2, 11
Let f(x) be the third derivative of x**5/30 - x**4/8 - 5*x**2. Let u(s) = 2*s - 10. Let l be u(7). List the prime factors of f(l).
2, 5
Suppose -742 = -d - 154. What are the prime factors of d?
2, 3, 7
Let w(z) = -z**3 - 7*z**2 + 11*z + 17. Let t be w(-14). List the prime factors of t/15 - 3/9.
2, 41
What are the prime factors of 2/(-11) + (-27174)/(-22)?
5, 13, 19
Suppose 5*z = 5*f + 3*z - 50, 2*f - 3*z - 31 = 0. Let k be ((-4)/f)/(3/(-102)). Let v = -4 + k. List the prime factors of v.
13
Let v = 11 + -9. Suppose -v*n - 1 = -5. Suppose -4 = -n*p + 3*b, 0*b - 4 = -2*p - 3*b. What are the prime factors of p?
2
Let q be (-308)/(-55) + 2/5. Suppose -f = -17 - q. Let l = 49 - f. List the prime factors of l.
2, 13
Suppose -2*a - a + 9 = 0, -v - a + 2 = 0. What are the prime factors of (v + 0)/(2/(-436))?
2, 109
Let c be (-3)/(-21) + 88/(-28). Let y be c + 3 - -6 - 0. Suppose -v - 160 = -y*v. List the prime factors of v.
2
Suppose 3*t = 196 + 11. Suppose 3*l - 5*p = 5*l - 70, -2*l + 3*p = -86. Let k = t - l. List the prime factors of k.
29
Let a(l) = -12*l**3 - 2*l**2 - 2*l + 3. Let s be a(2). Let u be s*(3 - (-11)/(-3)). Suppose -5*c + 7*c = u. What are the prime factors of c?
5, 7
Suppose 6*a = -a + 371. Let f = a + -5. List the prime factors of f.
2, 3
Let i(x) = x**2 + 6*x - 17. Let a be i(-7). List the prime factors of (a/20)/((-1)/200).
2, 5
Let g = -32 + 32. Suppose 4*q + 3*w - 971 = 0, -3*q - 4*w = -g*q - 723. What are the prime factors of q?
5, 7
Suppose -19 = -3*p + 98. Suppose -3*d + 120 = 3*c - 15, 0 = d - 5*c - p. List the prime factors of d.
2, 11
Let r(u) = -u**2 - 8*u - 7. Let n be r(-6). List the prime factors of 34 + n/((-5)/2).
2
Let c be (-4)/(-16) - (-30)/8. Suppose -3*s + 19 = -l, 84 + 10 = -c*l + 3*s. Let t = -15 - l. What are the prime factors of t?
2, 5
Let s = 16 - 22. Let a be (-327)/(-9) + 2/s. Suppose 2*p + 30 = j, 5*p = j - 0*p - a. What are the prime factors of j?
2, 13
Let u(v) = v + 28. Let l be u(0). Let b be (-2)/(-3) + l/21. List the prime factors of (-125)/(-10) + (-1)/b.
2, 3
Let x(s) be the third derivative of s**5/60 + 5*s**4/6 + 16*s**3/3 + 16*s**2. What are the prime factors of x(-23)?
101
Suppose 5*s - 13464 = -s. List the prime factors of s.
2, 3, 11, 17
Let o(a) be the first derivative of a**2 + 8*a + 3. Suppose t = 5*b - 2*b - 3, -4*t + 3*b - 3 = 0. List the prime factors of o(t).
2
Suppose -3*y + 406 = -1145. What are the prime factors of y?
11, 47
Suppose 0 = 3*a - 30. Let t = -6 - -10. Suppose a*n - t*n = 72. List the prime factors of n.
2, 3
Let p(u) be the first derivative of -u**4/4 - 7*u**3/2 - 9*u**2/2 - 3. Let h(o) be the second derivative of p(o). What are the prime factors of h(-10)?
3, 13
Let b(h) = h**2 + 10*h + 10. Suppose 8 = 2*d, -31 = 5*i + d + 10. Let u be b(i). List the prime factors of u + -1 - (2 + -15).
13
Suppose 0 = 2*c - 8. List the prime factors of 1011/3 + 4/(c/(-3)).
2, 167
Let w = 157 + -96. Let a = 216 + w. List the prime factors of a.
277
Suppose 0 = -2*d + 173 + 53. List the prime factors of d.
113
Suppose -4*y = 272 - 1816. What are the prime factors of y?
2, 193
Suppose -6*o + 25 = -47. Suppose -768 = -o*i + 4*i. List the prime factors of i.
2, 3
Let o = -9 + 9. Suppose -3*y = -o*y - 3. Suppose 1 = b - y. List the prime factors of b.
2
Let t be (-1 - -9)/((-11)/(-22)). What are the prime factors of (228/t)/((-4)/(-16))?
3, 19
Let d = -2 + 2. Suppose d = 4*k - 5*k + 3. Suppose 4*s = k*n - 206, 3*n + 2*n - 5*s = 350. What are the prime factors of n?
2, 37
Suppose -2*p = -7*p + 380. Let t = p - 46. What are the prime factors of t?
2, 3, 5
Let i = -26 - -188. What are the prime factors of i?
2, 3
Let w(h) = h**2 + 2*h - 3. Let z be w(-3). Suppose -3*d = -6 - z. Suppose p + 5*u - 31 = 0, d*p - 4*p + 54 = 2*u. What are the prime factors of p?
2, 13
Let t(x) = -x**2 + 43*x + 264. What are the prime factors of t(40)?
2, 3
List the prime factors of ((-2)/(-6))/(22/1980).
2, 3, 5
What are the prime factors of (-309)/(39/(-6) + 1 - -4)?
2, 103
Let d = -6 - -12. List the prime factors of (8/d)/((-11)/(-627)).
2, 19
Let j(m) = 126*m + 42. Let p be j(15). Suppose 6*o + 6*o = p. List the prime factors of o.
7, 23
Let c(j) = -j**2 - 1. Let y(x) = -2*x**2 + 5. Let i be (0 + 1)/(12/(-36)). Let f(h) = i*c(h) - y(h). List the prime factors of f(-2).
2, 3
Suppose -5*m - 26 = -d, 5*d - 25 = -m + 27. Suppose d*a - 41 = 927. List the prime factors of a.
2, 11
Let q(y) = y**2 - 16*y + 19. Let o be q(15). Suppose 0 = o*h + h - 245. What are the prime factors of h?
7
Let i(r) = r**2 + 7*r - 6. Let u be i(-8). Let s be (1 - u) + 202 + -1. Suppose 4*x + x - s = 0. List the prime factors of x.
2, 5
Suppose 54 = 3*p + 3*b, p - 3*p - 4*b = -38. Suppose 0 = 12*z - p*z + 315. What are the prime factors of z?
3, 7
Suppose t - 288 = 4026. List the prime factors of t.
2, 3, 719
Let t(j) = -j**3 - 5*j**2 - 20*j - 6. What are the prime factors of t(-9)?
2, 3, 83
List the prime factors of (1996/(-6))/(46/(-276)).
2, 499
Let i = -79 + 78. Let c(f) = 158*f**2 + 3*f + 3. List the prime factors of c(i).
2, 79
Suppose 30 = 3*z - z. Suppose -376 = -z*q + 7*q. What are the prime factors of q?
47
Suppose 5*w + 5*v + 25 = 0, -w + 4*v = v + 9. List the prime factors of 55/(-10)*2*w.
2, 3, 11
Let a(t) = 12*t**2 - 2*t + 0*t + t**3 + 15 - 17. What are the prime factors of a(-12)?
2, 11
Let l(h) = h**3 + 3*h**2 + 2*h + 3. Let g be l(-3). Let p be g*1/2*16. List the prime factors of (p/(-14))/((-5)/(-35)).
2, 3
Suppose -13*t = 14*t - 13824. What are the prime factors of t?
2
Let n(b) = 61*b**2 - 67*b + 23. List the prime factors of n(-8).
4463
Suppose -6264 = 642*s - 654*s. List the prime factors of s.
2, 3, 29
Suppose -i - 1 = 3*v, 0 = 3*i - 3*v + 3 - 0. What are the prime factors of 32 - 1/(i/(-3))?
29
Suppose 23*l - 19*l - 4080 = 0. What are the prime factors of l?
2, 3, 5, 17
Let w(q) = -q**3 - 13*q**2 - q - 10. Let o be w(-13). Suppose -3*s - 231 = -o*v, 0*v = v - 5*s - 97. List the prime factors of v.
2, 3
Let y be (34 - 2)*(-8 + 10). Suppose -y - 28 = -d. List the prime factors of d.
2, 23
Suppose a - 18 = -3. Let w = a + 1. List the prime factors of w.
2
Suppose 595 = -4*x - 5*s, -x - s - 154 = -5*s. What are the prime factors of (-27)/54 + x/(-4)?
37
Let t = -78 - -135. Suppose t*z - 53*z - 68 = 0. What are the prime factors of z?
17
Let j(w) be the third derivative of -w**4/12 + 31*w**3/6 - 12*w**2. What are the prime factors of j(10)?
11
Suppose -3*k + s + 328 = -294, 826 = 4*k + 2*s. List the prime factors of k.
3, 23
What are the prime factors of 75 - (-4 + (-4)/(-4 - 0))?
2, 3, 13
Let m = 12191 + -7802. List the prime factors of m.
3, 7, 11, 19
Suppose 4*o = -0*o. Let v(j) = -j**3 - j + 5. Let x be v(o). Suppose -a + 16 = x*l, -3*a - 2*l + 17 = -31. What are the prime factors of a?
2
Suppose 4*g = -4*j - 216, -9 = -j + 4*j. Let n = -38 - g. What are the prime factors of n?
13
Let d = 1641 - -1809. What are the prime factors of d?
2, 3, 5, 23
Let a = 6 - 11. Let l(y) = -y**3 - 6*y**2 - 6*y - 5. Let v be l(a). Suppose -2*j + 21 + 39 = v. What are the prime factors of j?
2, 3, 5
Let a(s) = -33*s - 37. Let j be a(-5). Let g = j - 115. What are the prime factors of g?
13
Suppose -4*l + 16*n = 15*n - 3527, 4*l - 3509 = -5*n. List the prime factors of l.
881
Suppose 3*j - 241 - 71 = 3*a, 3*j - 324 = -a. Let d = j - 58. List the prime factors of d.
7
Suppose 7*z = -0*z. Suppose z = -0*r - r - 628. What are the prime factors of 4/30 - r/15?
2, 3, 7
Let n(q) = -q**2 + 8*q + 11. Let d be n(9). Suppose 0*r + d*r - 13 = 5*j, 3*r = 12. What are the prime factors of j/(-3) - 195/(-9)?
2, 11
Suppose x = 627 - 1. List the prime factors of x.
2, 313
Let z(p) be the third derivative of -p**6/120 - p**5/60 - p**4/24 - 5*p**3/6 + 3*p**2. Let j be z(-3). What are the prime factors of (1 - 6)/((-2)/j)?
2, 5
Let j = 11483 + -6872. What are the prime factors of j?
3, 29, 53
Let o(u) = -3*u + 704. What are the prime factors of o(0)?
2, 11
Suppose -3*t = 123 - 915. Suppose -t = -5*j + 2*s + 81, 263 = 4*j + s. What are t